base 11, what is -4 - 27?
-30
In base 2, what is 1011111001 - -1000?
1100000001
In base 5, what is 30 - 10114?
-10034
In base 13, what is 7a - -5?
82
In base 10, what is -6 - -11?
5
In base 13, what is 8 + -6a?
-62
In base 2, what is -1 + 11110100001?
11110100000
In base 7, what is -10552 - 1?
-10553
In base 5, what is 3 - 2?
1
In base 10, what is -22 + -336?
-358
In base 13, what is 4 - -1a8?
1ac
In base 8, what is 637 - 0?
637
In base 12, what is -5 - -10?
7
In base 11, what is 5 + 1a9?
203
In base 16, what is -1 + 2e?
2d
In base 4, what is -321 - -10?
-311
In base 13, what is -3 + -85?
-88
In base 2, what is 1011 + 101000?
110011
In base 14, what is a2 + -1a?
86
In base 5, what is 3 - 4302?
-4244
In base 16, what is -2d + 3?
-2a
In base 7, what is -1305 - -5?
-1300
In base 5, what is 2 + -2023?
-2021
In base 14, what is -100 + -4?
-104
In base 7, what is -643 - -6?
-634
In base 12, what is -21b - 2?
-221
In base 13, what is ab8 + 2?
aba
In base 8, what is -2 - 533?
-535
In base 8, what is -104 + 1?
-103
In base 13, what is 2050 - -7?
2057
In base 7, what is 354 - -45?
432
In base 16, what is -a - 3?
-d
In base 11, what is 68 + 6?
73
In base 14, what is 0 - 70?
-70
In base 10, what is -4 - -1544?
1540
In base 13, what is 76 + a?
83
In base 10, what is -38 - 42?
-80
In base 3, what is 121 - -2221?
10112
In base 2, what is 10001100 + 111?
10010011
In base 6, what is 113 - -4?
121
In base 6, what is -5 - -4?
-1
In base 4, what is 3 + -103101?
-103032
In base 5, what is 2 + 114?
121
In base 7, what is 516 + 2?
521
In base 9, what is -3 - 113?
-116
In base 10, what is 6 - 3?
3
In base 15, what is -1031 - 5?
-1036
In base 11, what is -84 + -184?
-258
In base 8, what is 61553 - -1?
61554
In base 2, what is 100 - 110010?
-101110
In base 9, what is -7 - -666?
658
In base 10, what is 122 - -2?
124
In base 14, what is 1 - 2?
-1
In base 4, what is 2032213 - -10?
2032223
In base 11, what is 180 + 2?
182
In base 15, what is 1e + 1?
20
In base 5, what is -1200 - -3?
-1142
In base 16, what is -94 - 29?
-bd
In base 2, what is -11011 + -101101011?
-110000110
In base 14, what is 5348 + -3?
5345
In base 6, what is 202 + -4?
154
In base 15, what is -6 + -444?
-44a
In base 2, what is -10001 - -111010?
101001
In base 11, what is 0 + 57?
57
In base 2, what is 10 + -10100?
-10010
In base 12, what is -4 + -138?
-140
In base 3, what is 1 + -111020?
-111012
In base 10, what is -1726 + 2?
-1724
In base 10, what is -4 - -1014?
1010
In base 12, what is -7 + 22?
17
In base 6, what is 4 - 4352?
-4344
In base 12, what is -15 - -825?
810
In base 12, what is -430 - -b?
-421
In base 11, what is -9 - -939?
930
In base 10, what is -4 - 7?
-11
In base 3, what is 12201 + 2?
12210
In base 2, what is 11 - 1111110110?
-1111110011
In base 8, what is -123 - -1?
-122
In base 8, what is 13440 + -4?
13434
In base 4, what is 3 + -2120?
-2111
In base 10, what is -3 - -715?
712
In base 11, what is 25 + -279?
-254
In base 13, what is -1 - -5?
4
In base 7, what is -10 - 416?
-426
In base 15, what is -48 + -26?
-6e
In base 13, what is -3c + 3?
-39
In base 14, what is 4 - -134?
138
In base 12, what is -13 - -78?
65
In base 15, what is -19d8 + -2?
-19da
In base 11, what is 677 + -4?
673
In base 10, what is -50 - 22?
-72
In base 16, what is -2 + -37b?
-37d
In base 14, what is 324 - -4?
328
In base 13, what is -b + -3?
-11
In base 5, what is 4 + -34410?
-34401
In base 11, what is 38 + -6?
32
In base 5, what is -4 + 233?
224
In base 12, what is 72 + 0?
72
In base 15, what is 5b2 - 2?
5b0
In base 4, what is 11 - -11330?
12001
In base 11, what is 10 + -47?
-37
In base 15, what is 6 - 108?
-102
In base 10, what is -81 + 4?
-77
In base 12, what is 118b - 0?
118b
In base 8, what is 2046 - -1?
2047
In base 2, what is 101 + -111101?
-111000
In base 16, what is 4 + b?
f
In base 3, what is 11 - 120021?
-120010
In base 16, what is -3 - -627?
624
In base 13, what is 9 + b?
17
In base 9, what is 43181 + 1?
43182
In base 12, what is 250b - -2?
2511
In base 16, what is -8e + 1b?
-73
In base 2, what is 1 + 1110?
1111
In base 11, what is 1 - 46?
-45
In base 14, what is 5 - 2?
3
In base 6, what is -15 - 351?
-410
In base 12, what is -5 - -157?
152
In base 14, what is -48 - 17?
-61
In base 3, what is -100 - -10012?
2212
In base 10, what is -4 - 433?
-437
In base 9, what is 483 + -2?
481
In base 5, what is 303013 + -2?
303011
In base 16, what is -627 + -10?
-637
In base 12, what is 6000 + 3?
6003
In base 16, what is -7 + -28d?
-294
In base 3, what is -12112 + -10?
-12122
In base 14, what is 0 + -2c7?
-2c7
In base 7, what is -320 - 6?
-326
In base 7, what is -1 + 2011?
2010
In base 11, what is 0 - 1628?
-1628
In base 13, what is 2 - -83?
85
In base 5, what is 1 - -1340?
1341
In base 14, what is -1 - -89?
88
In base 15, what is -3 + c3?
c0
In base 9, what is 438 + -1?
437
In base 12, what is -237 - 3?
-23a
In base 4, what is -12303 + -3?
-12312
In base 9, what is -47 + 13?
-34
In base 4, what is 3 - 13?
-10
In base 14, what is 1b - -3?
20
In base 2, what is 101000010110 + -101?
101000010001
In base 3, what is -120022 - 10?
-120102
In base 5, what is -103334 + 0?
-103334
In base 10, what is 0 + -144?
-144
In base 7, what is 250445 - 5?
250440
In base 15, what is 2c7c + 5?
2c82
In base 16, what is -1 - -43?
42
In base 5, what is -1 - -100?
44
In base 10, what is 0 - 5411?
-5411
In base 4, what is 10 - 20133?
-20123
In base 9, what is -1 + 613?
612
In base 13, what is b8 - 9?
ac
In base 14, what is 8d - -34?
c3
In base 3, what is 121021 - -2?
121100
In base 13, what is -21 + 210?
1bc
In base 4, what is -1 - -2111?
2110
In base 14, what is b + 2?
d
In base 15, what is -b - -b3?
a7
In base 3, what is -11222111 + -1?
-11222112
In base 12, what is 1 - 457?
-456
In base 10, what is -116 + 6?
-110
In base 8, what is -5 + 4642?
4635
In base 11, what is -1 + 53?
52
In base 15, what is -6 - 8?
-e
In base 10, what is -34 - 3?
-37
In base 6, what is -3 + -3405?
-3412
In base 13, what is 0 - -31?
31
In base 11, what is 35 + -9?
27
In base 7, what is -1330 - 3?
-1333
In base 2, what is -1100101011 + -101?
-1100110000
In base 11, what is 1 + -15?
-14
In base 4, what is 201000 - -3?
201003
In base 9, what is 202 - -2?
204
In base 3, what is 2001 + -2222?
-221
In base 7, what is 0 - 10542?
-10542
In base 15, what is a7 + d?
b5
In base 12, what is 1 + -29?
-28
In base 11, what is -33 - -1?
-32
In base 9, what is 582 - 51?
531
In base 5, what is 134 + 10?
144
In base 6, what is 0 - 131?
-131
In base 5, what is 234 + 4?
243
In base 9, what is -18 - -14?
-4
In base 2, what is -101 - -10011?
1110
In base 3, what is 1210 + -112110?
-110200
In base 6, what is -1435 + -1?
-1440
In base 4, what is 0 - 323?
-323
In base 11, what is 1 + 2361?
2362
In base 11, what is -5198 - -1?
-5197
In base 14, what is -165 + 7?
-15c
In base 3, what is -22120 + 12?
-22101
In base 14, what is 4 + -85?
-81
In base 4, what is 22 - -1022?
1110
In base 8, what is -1 - -16246?
16245
In base 2, what is 110100 + -101?
101111
In base 2, what is 110100101 - 11?
110100010
In base 2, what is -101010010111 + 1?
-101010010110
In base 5, what is -1424 - 23?
-2002
In base 16, what is -3c + e?
-2e
In base 14, what is -3d + -30?
-6d
In base 15, what is 0 + 35?
35
In base 13, what is 23 + 1cb?
221
In base 15, what is -3194 - 0?
-3194
In base 13, what is -193 - 3?
-196
In base 5, what is -204 + 212?
3
In base 5, what is 1024 + 10?
1034
In base 10, what is 161 + 13?
174
In base 4, what is 1 + 1302?
1303
In base 10, what is 87 - -77?
164
In base 12, what is -34 - -2?
-32
In base 11, what is 6884 + 3?
6887
In base 8, what is -1 + 2757?
2756
In base 9, what is -11 + -183?
-204
In base 12, what is -2293 + 4?
-228b
In base 2, what is 1010001000110 - 101?
1010001000001
In base 13, what is 621 + 7?
628
In base 2, what is -1 + -1001111?
-1010000
In base 13, what is 26 - 19b?
-175
In base 14, what is -4 + 314?
310
In base 5, what is -1 + 320?
314
In base 3, what is -20 - -20001?
12211
In base 11, what is -3a3 - 2?
-3a5
In base 10, what is -45 + 4?
-41
In base 10, what is 26 + 68?
94
In base 3, what is 10010 - 102?
2201
In base 13, what is -3 + 143?
140
In base 12, what is -32 + -4?
-36
In base 12, what is -2 - 2522?
-2524
In base 15, what is 195 - 1?
194
In base 7, what is 6 - -32?
41
In b